{"version":"1.0","provider_name":"International Bankers Forum Luxembourg","provider_url":"https:\/\/ibf.lu\/wp","author_name":"J\u00f6rg Agostini","author_url":"https:\/\/ibf.lu\/wp\/author\/jagostini\/","title":"Einladung Fondsgipfel Luxembourg__________________________________________________________________ - International Bankers Forum Luxembourg","type":"rich","width":600,"height":338,"html":"<blockquote class=\"wp-embedded-content\" data-secret=\"NFSF4Jck4F\"><a href=\"https:\/\/ibf.lu\/wp\/events\/einladung-fondsgipfel-luxembourg_________________________________________\/\">Einladung Fondsgipfel Luxembourg__________________________________________________________________<\/a><\/blockquote><iframe sandbox=\"allow-scripts\" security=\"restricted\" src=\"https:\/\/ibf.lu\/wp\/events\/einladung-fondsgipfel-luxembourg_________________________________________\/embed\/#?secret=NFSF4Jck4F\" width=\"600\" height=\"338\" title=\"&#8220;Einladung Fondsgipfel Luxembourg__________________________________________________________________&#8221; &#8212; International Bankers Forum Luxembourg\" data-secret=\"NFSF4Jck4F\" frameborder=\"0\" marginwidth=\"0\" marginheight=\"0\" scrolling=\"no\" class=\"wp-embedded-content\"><\/iframe><script type=\"text\/javascript\">\n\/*! This file is auto-generated *\/\n!function(d,l){\"use strict\";var e=!1,o=!1;if(l.querySelector)if(d.addEventListener)e=!0;if(d.wp=d.wp||{},!d.wp.receiveEmbedMessage)if(d.wp.receiveEmbedMessage=function(e){var t=e.data;if(t)if(t.secret||t.message||t.value)if(!\/[^a-zA-Z0-9]\/.test(t.secret)){for(var r,a,i,s=l.querySelectorAll('iframe[data-secret=\"'+t.secret+'\"]'),n=l.querySelectorAll('blockquote[data-secret=\"'+t.secret+'\"]'),o=new RegExp(\"^https?:$\",\"i\"),c=0;c<n.length;c++)n[c].style.display=\"none\";for(c=0;c<s.length;c++)if(r=s[c],e.source===r.contentWindow){if(r.removeAttribute(\"style\"),\"height\"===t.message){if(1e3<(i=parseInt(t.value,10)))i=1e3;else if(~~i<200)i=200;r.height=i}if(\"link\"===t.message)if(a=l.createElement(\"a\"),i=l.createElement(\"a\"),a.href=r.getAttribute(\"src\"),i.href=t.value,o.test(i.protocol))if(i.host===a.host)if(l.activeElement===r)d.top.location.href=t.value}}},e)d.addEventListener(\"message\",d.wp.receiveEmbedMessage,!1),l.addEventListener(\"DOMContentLoaded\",t,!1),d.addEventListener(\"load\",t,!1);function t(){if(!o){o=!0;for(var e,t,r,a=-1!==navigator.appVersion.indexOf(\"MSIE 10\"),i=!!navigator.userAgent.match(\/Trident.*rv:11\\.\/),s=l.querySelectorAll(\"iframe.wp-embedded-content\"),n=0;n<s.length;n++){if(!(r=(t=s[n]).getAttribute(\"data-secret\")))r=Math.random().toString(36).substr(2,10),t.src+=\"#?secret=\"+r,t.setAttribute(\"data-secret\",r);if(a||i)(e=t.cloneNode(!0)).removeAttribute(\"security\"),t.parentNode.replaceChild(e,t);t.contentWindow.postMessage({message:\"ready\",secret:r},\"*\")}}}}(window,document);\n<\/script>\n","thumbnail_url":"https:\/\/ibf.lu\/wp\/wp-content\/uploads\/2024\/02\/Capture-e1707740862537.png","thumbnail_width":178,"thumbnail_height":178,"description":"INTERNATIONAL BANKERS FORUM (IBF) m\u00f6chte Sie im Namne des FPL Luxembourg auf folgende Veranstaltung aufmerksam machen FONDSGIPFEL 2024 &#8211; WAHLEN, WIRTSCHAFT, WERTPAPIERE! Erstmalig in der Geschichte w\u00e4hlt 2024 mehr als die H\u00e4lfte der Weltbev\u00f6lkerung. Welche Konsequenzen ergeben sich f\u00fcr die Kapitalm\u00e4rkte und die Verm\u00f6gensanlage? Im Rahmen der Vortragsreihe\u00a0Fondsgipfel 2024\u00a0veranstalten die DJE Kapital AG, die ShareholderRead more about [...]"}

Jörg Agostini

INTERNATIONAL BANKERS FORUM (IBF) möchte Sie im Namne des FPL Luxembourg auf folgende Veranstaltung aufmerksam machen FONDSGIPFEL 2024 &#8211; WAHLEN, WIRTSCHAFT, WERTPAPIERE! Erstmalig in der Geschichte wählt 2024 mehr als die Hälfte der Weltbevölkerung. Welche Konsequenzen ergeben sich für die Kapitalmärkte und die Vermögensanlage? Im Rahmen der Vortragsreihe Fondsgipfel 2024 veranstalten die DJE Kapital AG, die ShareholderRead more about [...]
